{"id":148,"date":"2026-08-01T16:31:06","date_gmt":"2026-08-01T16:31:06","guid":{"rendered":"https:\/\/gravano.fr\/style\/product\/la-veste-en-suedine-camel\/"},"modified":"2026-08-06T18:45:30","modified_gmt":"2026-08-06T18:45:30","slug":"la-veste-en-suedine-camel","status":"publish","type":"product","link":"https:\/\/gravano.fr\/style\/de\/product\/la-veste-en-suedine-camel\/","title":{"rendered":"Die Jacke aus Wildlederimitat \u2013 kamelfarben"},"content":{"rendered":"<p>Su\u00e9dine souple camel, col officier, simple boutonnage, coupe ajust\u00e9e. La texture noble du daim, la facilit\u00e9 en plus : elle encaisse le quotidien sans broncher. Pos\u00e9e sur une chemise ray\u00e9e ou un pull fin, elle fait toute la diff\u00e9rence entre une tenue qu&rsquo;on a mise et une tenue qu&rsquo;on a pens\u00e9e. La transition id\u00e9ale entre les saisons chaudes et les saisons froides.<\/p>","protected":false},"excerpt":{"rendered":"<p>Le tomb\u00e9 du daim, sans son entretien \u2014 la veste qui donne un genre \u00e0 tout ce qu&rsquo;elle croise.<\/p>","protected":false},"featured_media":149,"comment_status":"open","ping_status":"closed","template":"","meta":[],"product_brand":[],"product_cat":[20],"product_tag":[],"class_list":["post-148","product","type-product","status-publish","has-post-thumbnail","product_cat-piece-qui-habille","first","instock","shipping-taxable","purchasable","product-type-simple"],"_links":{"self":[{"href":"https:\/\/gravano.fr\/style\/de\/wp-json\/wp\/v2\/product\/148","targetHints":{"allow":["GET"]}}],"collection":[{"href":"https:\/\/gravano.fr\/style\/de\/wp-json\/wp\/v2\/product"}],"about":[{"href":"https:\/\/gravano.fr\/style\/de\/wp-json\/wp\/v2\/types\/product"}],"replies":[{"embeddable":true,"href":"https:\/\/gravano.fr\/style\/de\/wp-json\/wp\/v2\/comments?post=148"}],"wp:featuredmedia":[{"embeddable":true,"href":"https:\/\/gravano.fr\/style\/de\/wp-json\/wp\/v2\/media\/149"}],"wp:attachment":[{"href":"https:\/\/gravano.fr\/style\/de\/wp-json\/wp\/v2\/media?parent=148"}],"wp:term":[{"taxonomy":"product_brand","embeddable":true,"href":"https:\/\/gravano.fr\/style\/de\/wp-json\/wp\/v2\/product_brand?post=148"},{"taxonomy":"product_cat","embeddable":true,"href":"https:\/\/gravano.fr\/style\/de\/wp-json\/wp\/v2\/product_cat?post=148"},{"taxonomy":"product_tag","embeddable":true,"href":"https:\/\/gravano.fr\/style\/de\/wp-json\/wp\/v2\/product_tag?post=148"}],"curies":[{"name":"wp","href":"https:\/\/api.w.org\/{rel}","templated":true}]}}

<p>Suédine souple camel, col officier, simple boutonnage, coupe ajustée. La texture noble du daim, la facilité en plus : elle encaisse le quotidien sans broncher. Posée sur une chemise rayée ou un pull fin, elle fait toute la différence entre une tenue qu&rsquo;on a mise et une tenue qu&rsquo;on a pensée. La transition idéale entre les saisons chaudes et les saisons froides.</p>

<p>Le tombé du daim, sans son entretien — la veste qui donne un genre à tout ce qu&rsquo;elle croise.</p>
