{"id":75,"date":"2026-08-01T08:16:08","date_gmt":"2026-08-01T08:16:08","guid":{"rendered":"https:\/\/gravano.fr\/style\/product\/le-polo-business-casual\/"},"modified":"2026-08-06T18:45:30","modified_gmt":"2026-08-06T18:45:30","slug":"le-polo-business-casual","status":"publish","type":"product","link":"https:\/\/gravano.fr\/style\/de\/product\/le-polo-business-casual\/","title":{"rendered":"Das Business-Casual-Polohemd"},"content":{"rendered":"<p>Maille piqu\u00e9e textur\u00e9e, boutons mats, coupe droite. Ni trop sport, ni trop strict \u2014 c&rsquo;est fait pour \u00e7a : passer d&rsquo;une r\u00e9union \u00e0 un d\u00e9jeuner sans se changer. Respirant, facile d&rsquo;entretien.<\/p>","protected":false},"excerpt":{"rendered":"<p>Das Polohemd, das zu allem passt: morgens im B\u00fcro, abends auf der Terrasse.<\/p>","protected":false},"featured_media":76,"comment_status":"open","ping_status":"closed","template":"","meta":[],"product_brand":[],"product_cat":[18],"product_tag":[],"class_list":["post-75","product","type-product","status-publish","has-post-thumbnail","product_cat-fond-de-garde-robe","first","instock","shipping-taxable","purchasable","product-type-simple"],"_links":{"self":[{"href":"https:\/\/gravano.fr\/style\/de\/wp-json\/wp\/v2\/product\/75","targetHints":{"allow":["GET"]}}],"collection":[{"href":"https:\/\/gravano.fr\/style\/de\/wp-json\/wp\/v2\/product"}],"about":[{"href":"https:\/\/gravano.fr\/style\/de\/wp-json\/wp\/v2\/types\/product"}],"replies":[{"embeddable":true,"href":"https:\/\/gravano.fr\/style\/de\/wp-json\/wp\/v2\/comments?post=75"}],"wp:featuredmedia":[{"embeddable":true,"href":"https:\/\/gravano.fr\/style\/de\/wp-json\/wp\/v2\/media\/76"}],"wp:attachment":[{"href":"https:\/\/gravano.fr\/style\/de\/wp-json\/wp\/v2\/media?parent=75"}],"wp:term":[{"taxonomy":"product_brand","embeddable":true,"href":"https:\/\/gravano.fr\/style\/de\/wp-json\/wp\/v2\/product_brand?post=75"},{"taxonomy":"product_cat","embeddable":true,"href":"https:\/\/gravano.fr\/style\/de\/wp-json\/wp\/v2\/product_cat?post=75"},{"taxonomy":"product_tag","embeddable":true,"href":"https:\/\/gravano.fr\/style\/de\/wp-json\/wp\/v2\/product_tag?post=75"}],"curies":[{"name":"wp","href":"https:\/\/api.w.org\/{rel}","templated":true}]}}

<p>Maille piquée texturée, boutons mats, coupe droite. Ni trop sport, ni trop strict — c&rsquo;est fait pour ça : passer d&rsquo;une réunion à un déjeuner sans se changer. Respirant, facile d&rsquo;entretien.</p>

<p>Das Polohemd, das zu allem passt: morgens im Büro, abends auf der Terrasse.</p>
