{"id":80,"date":"2026-08-01T08:16:09","date_gmt":"2026-08-01T08:16:09","guid":{"rendered":"https:\/\/gravano.fr\/style\/product\/le-bonnet-laine-melangee\/"},"modified":"2026-08-06T18:45:30","modified_gmt":"2026-08-06T18:45:30","slug":"le-bonnet-laine-melangee","status":"publish","type":"product","link":"https:\/\/gravano.fr\/style\/de\/product\/le-bonnet-laine-melangee\/","title":{"rendered":"Le Bonnet \u2014 laine m\u00e9lang\u00e9e"},"content":{"rendered":"<p>Tricot serr\u00e9 en laine m\u00e9lang\u00e9e, doux et chaud sans peser. Coupe simple, revers classique, pas de motif ni de pompon \u2014 un bonnet qui va avec tout et qui dure une saison apr\u00e8s l&rsquo;autre.<\/p>","protected":false},"excerpt":{"rendered":"<p>Le bonnet qu&rsquo;on garde dans la poche du manteau, pr\u00eat \u00e0 servir.<\/p>","protected":false},"featured_media":81,"comment_status":"open","ping_status":"closed","template":"","meta":[],"product_brand":[],"product_cat":[19],"product_tag":[],"class_list":["post-80","product","type-product","status-publish","has-post-thumbnail","product_cat-maille","first","instock","shipping-taxable","purchasable","product-type-simple"],"_links":{"self":[{"href":"https:\/\/gravano.fr\/style\/de\/wp-json\/wp\/v2\/product\/80","targetHints":{"allow":["GET"]}}],"collection":[{"href":"https:\/\/gravano.fr\/style\/de\/wp-json\/wp\/v2\/product"}],"about":[{"href":"https:\/\/gravano.fr\/style\/de\/wp-json\/wp\/v2\/types\/product"}],"replies":[{"embeddable":true,"href":"https:\/\/gravano.fr\/style\/de\/wp-json\/wp\/v2\/comments?post=80"}],"wp:featuredmedia":[{"embeddable":true,"href":"https:\/\/gravano.fr\/style\/de\/wp-json\/wp\/v2\/media\/81"}],"wp:attachment":[{"href":"https:\/\/gravano.fr\/style\/de\/wp-json\/wp\/v2\/media?parent=80"}],"wp:term":[{"taxonomy":"product_brand","embeddable":true,"href":"https:\/\/gravano.fr\/style\/de\/wp-json\/wp\/v2\/product_brand?post=80"},{"taxonomy":"product_cat","embeddable":true,"href":"https:\/\/gravano.fr\/style\/de\/wp-json\/wp\/v2\/product_cat?post=80"},{"taxonomy":"product_tag","embeddable":true,"href":"https:\/\/gravano.fr\/style\/de\/wp-json\/wp\/v2\/product_tag?post=80"}],"curies":[{"name":"wp","href":"https:\/\/api.w.org\/{rel}","templated":true}]}}

Le Bonnet — laine mélangée

<p>Tricot serré en laine mélangée, doux et chaud sans peser. Coupe simple, revers classique, pas de motif ni de pompon — un bonnet qui va avec tout et qui dure une saison après l&rsquo;autre.</p>

<p>Le bonnet qu&rsquo;on garde dans la poche du manteau, prêt à servir.</p>
