{"id":140,"date":"2026-08-01T16:30:46","date_gmt":"2026-08-01T16:30:46","guid":{"rendered":"https:\/\/gravano.fr\/style\/product\/le-pull-col-rond-maille-fine\/"},"modified":"2026-08-06T18:45:30","modified_gmt":"2026-08-06T18:45:30","slug":"le-pull-col-rond-maille-fine","status":"publish","type":"product","link":"https:\/\/gravano.fr\/style\/product\/le-pull-col-rond-maille-fine\/","title":{"rendered":"Le Pull \u2014 col rond, maille fine"},"content":{"rendered":"<p>Tricot fin et \u00e9lastique, col rond, coupe droite, dans un coloris uni. Il se porte seul sur une chemise, ou par-dessus un t-shirt quand l&rsquo;air fra\u00eechit. Ni trop habill\u00e9 ni trop d\u00e9contract\u00e9 \u2014 le pull qui va \u00e0 tout le monde, tout le temps.<\/p>\n","protected":false},"excerpt":{"rendered":"<p>Le pull qu&rsquo;on enfile sans r\u00e9fl\u00e9chir. Col rond, maille fine, \u00e7a tient chaud sans peser.<\/p>\n","protected":false},"featured_media":223,"comment_status":"open","ping_status":"closed","template":"","meta":[],"product_brand":[],"product_cat":[18],"product_tag":[],"class_list":["post-140","product","type-product","status-publish","has-post-thumbnail","product_cat-fond-de-garde-robe","first","instock","shipping-taxable","purchasable","product-type-simple"],"_links":{"self":[{"href":"https:\/\/gravano.fr\/style\/wp-json\/wp\/v2\/product\/140","targetHints":{"allow":["GET"]}}],"collection":[{"href":"https:\/\/gravano.fr\/style\/wp-json\/wp\/v2\/product"}],"about":[{"href":"https:\/\/gravano.fr\/style\/wp-json\/wp\/v2\/types\/product"}],"replies":[{"embeddable":true,"href":"https:\/\/gravano.fr\/style\/wp-json\/wp\/v2\/comments?post=140"}],"wp:featuredmedia":[{"embeddable":true,"href":"https:\/\/gravano.fr\/style\/wp-json\/wp\/v2\/media\/223"}],"wp:attachment":[{"href":"https:\/\/gravano.fr\/style\/wp-json\/wp\/v2\/media?parent=140"}],"wp:term":[{"taxonomy":"product_brand","embeddable":true,"href":"https:\/\/gravano.fr\/style\/wp-json\/wp\/v2\/product_brand?post=140"},{"taxonomy":"product_cat","embeddable":true,"href":"https:\/\/gravano.fr\/style\/wp-json\/wp\/v2\/product_cat?post=140"},{"taxonomy":"product_tag","embeddable":true,"href":"https:\/\/gravano.fr\/style\/wp-json\/wp\/v2\/product_tag?post=140"}],"curies":[{"name":"wp","href":"https:\/\/api.w.org\/{rel}","templated":true}]}}

<p>Tricot fin et élastique, col rond, coupe droite, dans un coloris uni. Il se porte seul sur une chemise, ou par-dessus un t-shirt quand l&rsquo;air fraîchit. Ni trop habillé ni trop décontracté — le pull qui va à tout le monde, tout le temps.</p>

<p>Le pull qu&rsquo;on enfile sans réfléchir. Col rond, maille fine, ça tient chaud sans peser.</p>
