{"id":142,"date":"2026-08-01T16:30:46","date_gmt":"2026-08-01T16:30:46","guid":{"rendered":"https:\/\/gravano.fr\/style\/product\/le-short-chino-kaki-coupe-classique\/"},"modified":"2026-08-06T18:45:30","modified_gmt":"2026-08-06T18:45:30","slug":"le-short-chino-kaki-coupe-classique","status":"publish","type":"product","link":"https:\/\/gravano.fr\/style\/product\/le-short-chino-kaki-coupe-classique\/","title":{"rendered":"Le Short \u2014 chino kaki, coupe classique"},"content":{"rendered":"<p>Coton stretch confortable, taille \u00e9lastique discr\u00e8te, coupe classique \u00e0 hauteur du genou. Il se porte en terrasse, en week-end, avec un polo ou un t-shirt uni. La pi\u00e8ce qui prend le relais du pantalon d\u00e8s que le mercure grimpe.<\/p>\n","protected":false},"excerpt":{"rendered":"<p>Le short qu&rsquo;on met d\u00e8s les beaux jours. Kaki, coupe droite, ni trop long ni trop court.<\/p>\n","protected":false},"featured_media":143,"comment_status":"open","ping_status":"closed","template":"","meta":[],"product_brand":[],"product_cat":[18],"product_tag":[],"class_list":["post-142","product","type-product","status-publish","has-post-thumbnail","product_cat-fond-de-garde-robe","first","instock","shipping-taxable","purchasable","product-type-simple"],"_links":{"self":[{"href":"https:\/\/gravano.fr\/style\/wp-json\/wp\/v2\/product\/142","targetHints":{"allow":["GET"]}}],"collection":[{"href":"https:\/\/gravano.fr\/style\/wp-json\/wp\/v2\/product"}],"about":[{"href":"https:\/\/gravano.fr\/style\/wp-json\/wp\/v2\/types\/product"}],"replies":[{"embeddable":true,"href":"https:\/\/gravano.fr\/style\/wp-json\/wp\/v2\/comments?post=142"}],"wp:featuredmedia":[{"embeddable":true,"href":"https:\/\/gravano.fr\/style\/wp-json\/wp\/v2\/media\/143"}],"wp:attachment":[{"href":"https:\/\/gravano.fr\/style\/wp-json\/wp\/v2\/media?parent=142"}],"wp:term":[{"taxonomy":"product_brand","embeddable":true,"href":"https:\/\/gravano.fr\/style\/wp-json\/wp\/v2\/product_brand?post=142"},{"taxonomy":"product_cat","embeddable":true,"href":"https:\/\/gravano.fr\/style\/wp-json\/wp\/v2\/product_cat?post=142"},{"taxonomy":"product_tag","embeddable":true,"href":"https:\/\/gravano.fr\/style\/wp-json\/wp\/v2\/product_tag?post=142"}],"curies":[{"name":"wp","href":"https:\/\/api.w.org\/{rel}","templated":true}]}}

<p>Coton stretch confortable, taille élastique discrète, coupe classique à hauteur du genou. Il se porte en terrasse, en week-end, avec un polo ou un t-shirt uni. La pièce qui prend le relais du pantalon dès que le mercure grimpe.</p>

<p>Le short qu&rsquo;on met dès les beaux jours. Kaki, coupe droite, ni trop long ni trop court.</p>
