{"id":252,"date":"2026-08-03T18:31:39","date_gmt":"2026-08-03T18:31:39","guid":{"rendered":"https:\/\/gravano.fr\/style\/product\/le-pull-col-cheminee-noir\/"},"modified":"2026-08-06T18:45:30","modified_gmt":"2026-08-06T18:45:30","slug":"le-pull-col-cheminee","status":"publish","type":"product","link":"https:\/\/gravano.fr\/style\/product\/le-pull-col-cheminee\/","title":{"rendered":"Le Pull \u2014 col chemin\u00e9e"},"content":{"rendered":"<p>Le col chemin\u00e9e noir, l&rsquo;\u00e9l\u00e9gance la plus simple qui soit. Maille fine ajust\u00e9e, col montant net, aucune fantaisie \u2014 et c&rsquo;est exactement pour \u00e7a qu&rsquo;il est si facile \u00e0 porter. Sous une veste, sur une chemise ou seul, il structure la mise d&rsquo;un rien. Le noir qu&rsquo;on ressort chaque hiver sans jamais s&rsquo;en lasser.<\/p>\n","protected":false},"excerpt":{"rendered":"<p>Le col chemin\u00e9e noir, l&rsquo;\u00e9l\u00e9gance la plus simple qui soit. Maille fine ajust\u00e9e, col montant net, aucune fantaisie \u2014 et c&rsquo;est exactement pour \u00e7a qu&rsquo;il est si facile \u00e0 porter. Sous une veste, sur une chemise ou seul, il structure la mise d&rsquo;un rien. Le noir qu&rsquo;on ressort chaque hiver sans jamais s&rsquo;en lasser.<\/p>\n","protected":false},"featured_media":251,"comment_status":"open","ping_status":"closed","template":"","meta":[],"product_brand":[],"product_cat":[19],"product_tag":[],"class_list":["post-252","product","type-product","status-publish","has-post-thumbnail","product_cat-maille","first","instock","shipping-taxable","purchasable","product-type-variable"],"_links":{"self":[{"href":"https:\/\/gravano.fr\/style\/wp-json\/wp\/v2\/product\/252","targetHints":{"allow":["GET"]}}],"collection":[{"href":"https:\/\/gravano.fr\/style\/wp-json\/wp\/v2\/product"}],"about":[{"href":"https:\/\/gravano.fr\/style\/wp-json\/wp\/v2\/types\/product"}],"replies":[{"embeddable":true,"href":"https:\/\/gravano.fr\/style\/wp-json\/wp\/v2\/comments?post=252"}],"wp:featuredmedia":[{"embeddable":true,"href":"https:\/\/gravano.fr\/style\/wp-json\/wp\/v2\/media\/251"}],"wp:attachment":[{"href":"https:\/\/gravano.fr\/style\/wp-json\/wp\/v2\/media?parent=252"}],"wp:term":[{"taxonomy":"product_brand","embeddable":true,"href":"https:\/\/gravano.fr\/style\/wp-json\/wp\/v2\/product_brand?post=252"},{"taxonomy":"product_cat","embeddable":true,"href":"https:\/\/gravano.fr\/style\/wp-json\/wp\/v2\/product_cat?post=252"},{"taxonomy":"product_tag","embeddable":true,"href":"https:\/\/gravano.fr\/style\/wp-json\/wp\/v2\/product_tag?post=252"}],"curies":[{"name":"wp","href":"https:\/\/api.w.org\/{rel}","templated":true}]}}

Le Pull — col cheminée

<p>Le col cheminée noir, l&rsquo;élégance la plus simple qui soit. Maille fine ajustée, col montant net, aucune fantaisie — et c&rsquo;est exactement pour ça qu&rsquo;il est si facile à porter. Sous une veste, sur une chemise ou seul, il structure la mise d&rsquo;un rien. Le noir qu&rsquo;on ressort chaque hiver sans jamais s&rsquo;en lasser.</p>
