{"id":276,"date":"2026-08-04T05:23:49","date_gmt":"2026-08-04T05:23:49","guid":{"rendered":"https:\/\/gravano.fr\/style\/product\/le-coffret-a-montres-cuir-noir\/"},"modified":"2026-08-06T18:45:30","modified_gmt":"2026-08-06T18:45:30","slug":"le-coffret-a-montres-cuir-noir","status":"publish","type":"product","link":"https:\/\/gravano.fr\/style\/product\/le-coffret-a-montres-cuir-noir\/","title":{"rendered":"Le Coffret \u00e0 montres \u2014 cuir noir"},"content":{"rendered":"<p>Le coffret de rangement des garde-temps, en cuir noir doubl\u00e9 de velours bordeaux. Six emplacements capitonn\u00e9s pour tenir les montres \u00e0 l&rsquo;abri des rayures, un format qui se glisse dans un tiroir ou sur un coin de commode. La pi\u00e8ce de vie du vestiaire, pour les montres de caract\u00e8re : ranger, c&rsquo;est aussi une fa\u00e7on de les respecter.<\/p>\n","protected":false},"excerpt":{"rendered":"<p>Le coffret de rangement des garde-temps, en cuir noir doubl\u00e9 de velours bordeaux. Six emplacements capitonn\u00e9s pour tenir les montres \u00e0 l&rsquo;abri des rayures, un format qui se glisse dans un tiroir ou sur un coin de commode. La pi\u00e8ce de vie du vestiaire, pour les montres de caract\u00e8re : ranger, c&rsquo;est aussi une fa\u00e7on [&hellip;]<\/p>\n","protected":false},"featured_media":275,"comment_status":"open","ping_status":"closed","template":"","meta":[],"product_brand":[],"product_cat":[730],"product_tag":[],"class_list":["post-276","product","type-product","status-publish","has-post-thumbnail","product_cat-accessoires","first","instock","shipping-taxable","purchasable","product-type-simple"],"_links":{"self":[{"href":"https:\/\/gravano.fr\/style\/wp-json\/wp\/v2\/product\/276","targetHints":{"allow":["GET"]}}],"collection":[{"href":"https:\/\/gravano.fr\/style\/wp-json\/wp\/v2\/product"}],"about":[{"href":"https:\/\/gravano.fr\/style\/wp-json\/wp\/v2\/types\/product"}],"replies":[{"embeddable":true,"href":"https:\/\/gravano.fr\/style\/wp-json\/wp\/v2\/comments?post=276"}],"wp:featuredmedia":[{"embeddable":true,"href":"https:\/\/gravano.fr\/style\/wp-json\/wp\/v2\/media\/275"}],"wp:attachment":[{"href":"https:\/\/gravano.fr\/style\/wp-json\/wp\/v2\/media?parent=276"}],"wp:term":[{"taxonomy":"product_brand","embeddable":true,"href":"https:\/\/gravano.fr\/style\/wp-json\/wp\/v2\/product_brand?post=276"},{"taxonomy":"product_cat","embeddable":true,"href":"https:\/\/gravano.fr\/style\/wp-json\/wp\/v2\/product_cat?post=276"},{"taxonomy":"product_tag","embeddable":true,"href":"https:\/\/gravano.fr\/style\/wp-json\/wp\/v2\/product_tag?post=276"}],"curies":[{"name":"wp","href":"https:\/\/api.w.org\/{rel}","templated":true}]}}

Le Coffret à montres — cuir noir

<p>Le coffret de rangement des garde-temps, en cuir noir doublé de velours bordeaux. Six emplacements capitonnés pour tenir les montres à l&rsquo;abri des rayures, un format qui se glisse dans un tiroir ou sur un coin de commode. La pièce de vie du vestiaire, pour les montres de caractère : ranger, c&rsquo;est aussi une façon de les respecter.</p>

<p>Le coffret de rangement des garde-temps, en cuir noir doublé de velours bordeaux. Six emplacements capitonnés pour tenir les montres à l&rsquo;abri des rayures, un format qui se glisse dans un tiroir ou sur un coin de commode. La pièce de vie du vestiaire, pour les montres de caractère : ranger, c&rsquo;est aussi une façon [&hellip;]</p>
